the second derivative of 65*w**3/6 - 15*w**2/2 + 4*w. List the prime factors of t(2).
5, 23
Let x(o) = 52*o**2 - 59*o - 34. What are the prime factors of x(10)?
2, 11, 13
Let r(b) = -b**2 + 7*b - 7. Let f be r(5). Suppose k = f, -7*c + 3*c + 3*k = -3. Suppose -c*x - 18 = -2*s - 4*x, -2*s = -3*x - 18. List the prime factors of s.
3
Let v be (-1)/((-1)/(-6) - 0). List the prime factors of (-45)/v*6 - -4.
7
Let t = 50 - 48. Suppose 2*k = -5*w + 3*k + 24, 2*w - 24 = 4*k. Suppose -w*f + f + 19 = t*b, -7 = -b - 4*f. List the prime factors of b.
11
Let z = 715 - 420. List the prime factors of z.
5, 59
Let g = -809 - -1299. List the prime factors of g.
2, 5, 7
Suppose 25 = x - 0*r - 3*r, 5*x + r = 189. What are the prime factors of 1*x*(-3 + 4)?
37
Let l(y) = -5*y**3 - 7*y**2 - 9*y - 6. List the prime factors of l(-7).
1429
Suppose -4*o - 4*t = -o - 67, 2*t - 21 = -o. Let r = o - 14. Let g(x) = 3*x - 5. What are the prime factors of g(r)?
2, 7
Let i be (0 - -4 - 5)*-16. Let x = i + 4. Suppose -d + 5*k - 130 = -6*d, x = -4*k. List the prime factors of d.
31
Suppose 10*r = 5*r + 20. Suppose 382 = 5*a - r*q + 69, 9 = 3*q. What are the prime factors of a?
5, 13
Let h(f) be the second derivative of -f**3/6 + 5*f**2 - 9*f. Let m be h(5). Suppose 28 = m*j - 22. What are the prime factors of j?
2, 5
Suppose 0 = 5*l - 3*x - 33, 5*l - 2*l - x = 23. What are the prime factors of l?
3
Suppose -4*x = -3*m - 216, m + 34 = 2*x - 76. What are the prime factors of x + -3 - (-2)/1?
2, 7
Let l(g) = g**3 + 6*g**2 + 5*g - 10. Let c be l(-7). What are the prime factors of 0 - c - -3*1?
97
Let h(i) = -i**2 - 1. Let m(l) = -l**3 + l**2 - 5*l. Let o(w) = 5*h(w) + m(w). Suppose -4*s - 16 = -0*s. List the prime factors of o(s).
3, 5
Let b(k) = k**2 - 9*k - 4. Let m be ((-7)/(-3))/(1*3/(-9)). List the prime factors of b(m).
2, 3
Suppose -16*w + 11*w = -780. Suppose 2*s = -0*s - w. Let h = s + 122. What are the prime factors of h?
2, 11
Let n = 1 - -29. What are the prime factors of 4/(4 + n/(-9))?
2, 3
Suppose 2*p + 31 = 4*p + x, -5*p = x - 82. Let z = p + 24. List the prime factors of z.
41
List the prime factors of 6530/(-6)*(36/10)/(-3).
2, 653
Let a = 49 + -47. Suppose -2*v - v - 4*d + 36 = 0, a*d + 22 = v. List the prime factors of v.
2
Let a(x) = x**3 + 7*x**2 - 11*x - 6. Suppose 30*l - 14 = 32*l. Let u be a(l). Let p = -31 + u. List the prime factors of p.
2, 5
Let t be 3 - 2/((-4)/4). What are the prime factors of 192/3 - (t - 3)?
2, 31
Let w = -35 - -44. Suppose w*l = 11*l - 312. List the prime factors of l.
2, 3, 13
Suppose -3*g = 3*j - 39, 2*j + 4*g - 3*g - 31 = 0. Let r = -15 + j. Suppose -4*y = 3*k - r*y - 22, 38 = 5*k + 3*y. What are the prime factors of k?
7
Let v(i) = 1994*i - 76. List the prime factors of v(1).
2, 7, 137
Let d be (668/(-16))/(2/8). Let x = d + 427. What are the prime factors of x?
2, 5, 13
Suppose -3*d = u - 7, -4*d = 4*u - 6 + 2. Let i be (9 - 12)/(u - -1). Suppose 4*n = i*n + 30. List the prime factors of n.
2, 3, 5
Let g = 0 - -10. Suppose g = -13*j + 8*j. What are the prime factors of ((-1)/j*30)/1?
3, 5
Let t(g) be the third derivative of -3*g**4/8 - 8*g**3/3 + 18*g**2. List the prime factors of t(-14).
2, 5, 11
Let i = -15 + 20. List the prime factors of i - 1 - -9*5.
7
Suppose -45 = 3*c + 6. Let i = 25 + c. List the prime factors of (i/6)/((-4)/(-12)).
2
Suppose 20*z - 28439 = 13061. What are the prime factors of z?
5, 83
Let y(g) = -3 - g + 14*g + 3*g + 9. What are the prime factors of y(3)?
2, 3
Let v = 1178 + -473. List the prime factors of v.
3, 5, 47
Suppose 3*f - 255 = 81. Let n be (366/(-8))/((-42)/f). Let i = n - 80. List the prime factors of i.
2, 3, 7
Suppose -18 = 2*u - 22. Suppose s = -u*t + 25, -t - 18 = -2*s + 32. What are the prime factors of s?
5
Suppose -42 = x - 4*f + 14, -5*x - 364 = f. What are the prime factors of x/27*((-1818)/(-8))/(-3)?
2, 101
Suppose -4*u + 34 = 5*f - u, -2*u = -6. Suppose -3*w = -4*j - 32, 0 = f*w + 3*j - 0*j - 92. What are the prime factors of w?
2
Let h(o) = -6*o + 32. Let v be h(5). Suppose -n + v*n + 5*m - 210 = 0, 0 = -2*m - 4. What are the prime factors of n?
2, 5, 11
Let u(y) = 216*y + 88. What are the prime factors of u(12)?
2, 5, 67
Suppose -4*f + 7 - 95 = 0. Let i = f - -25. List the prime factors of i - 2*9/(-2).
2, 3
Let p(a) = 9 - 12*a**2 + 3*a - 5*a**2 + 11*a**2. Let f be p(-6). List the prime factors of 2/((-3)/f*6).
5
Let a = -861 - -1438. What are the prime factors of a?
577
Let s be (-12)/((-2)/(-7)*(-70)/(-50)). List the prime factors of (-12)/s + 438/5.
2, 11
Suppose -5*x = -0*x + 3*v - 1662, 2*v = -x + 331. List the prime factors of x.
3, 37
Let y(k) = 55*k**2 + 2*k + 102. List the prime factors of y(-9).
3, 17, 89
Suppose -13 = 4*f + 63. Let k = -17 - f. List the prime factors of ((-26)/k)/(2/(-6)).
3, 13
Suppose -5*i + 19 = 4*l, -2*l - i + 28 = l. Let j = 16 - l. Suppose -j*y + 63 = -27. What are the prime factors of y?
2, 3
Let y(p) = -p**3 + 3*p**2 + 2. Let o be -1 - 8/(-12)*6. Let b be y(o). What are the prime factors of b/(-5) + (-399)/(-35)?
11
Suppose -1102 = -4*l - 226. List the prime factors of (-2)/(1*-6)*l.
73
Suppose 2*t - 3*z - 138 = z, -2*z - 10 = 0. What are the prime factors of t?
59
Suppose -o - n = 0, 0 = 5*o + 2*n + 5 - 14. Suppose 2*x - 163 = -5*h, -x - o*h = -2*x + 76. List the prime factors of x.
79
Let z(i) = -23*i**3 + 3*i**2 + i + 2. Let a(t) = -t**2 - 18*t - 2. Let l be a(-18). List the prime factors of z(l).
2, 7
Suppose -4*b - 5*b = 0. Let u(j) = 2*j - 3. Let x be u(4). Suppose b = -x*h, 2*h = 5*r - 3*h - 145. List the prime factors of r.
29
Let s = -44 - -53. List the prime factors of ((-3 - 0) + 12)*s.
3
Let x(b) = 10*b**3 + 3*b + 3478. What are the prime factors of x(0)?
2, 37, 47
Let s = 61 - 20. Suppose 10 = k - s. Suppose -x = -r + 15, -2*x - 3*x + k = 4*r. List the prime factors of r.
2, 7
Let v(j) = -2*j + 6. Suppose -l - c = -4*c + 6, -4*l + c = -9. Suppose -l*w = 5*s - 10, w = -4*s + s + 6. List the prime factors of v(w).
2, 3
Suppose -11*z + 2088 + 1916 = 0. Suppose 10*t + 84 = z. What are the prime factors of t?
2, 7
Suppose -2*w + 4*g + 9725 = g, 4858 = w - 3*g. What are the prime factors of w?
31, 157
Suppose d - 4 = -7. Let r(m) = 2*m**3 - 2*m**2 - m + 4. Let l be r(d). What are the prime factors of (-465)/l - (-2)/(-13)?
7
Let j(z) = -z**3 - 4*z**2 + z + 3. Suppose 3*o - 5 + 17 = 0. Let i be j(o). List the prime factors of ((-3)/1)/(i/5).
3, 5
Suppose 0 = -5*r + 2*m - 385, r + 53 = 3*m - 37. Let o = 132 + r. What are the prime factors of o?
3, 19
Let c(s) = s**2 - 5*s**2 - 22*s + 3*s**2 + 3 + 17*s. Let d be c(-6). What are the prime factors of 0 + -3 - -7 - d?
7
Suppose -7*d + 4*d + 441 = -4*l, -4*d + 588 = -l. What are the prime factors of d?
3, 7
Suppose -3*w + 11 = -i, 5 + 6 = -w + 4*i. Suppose w*f = 19*f - 1778. List the prime factors of f.
127
Suppose -5*p + 29 = -26. Let s = 9 - p. List the prime factors of 1/((-78)/(-38) + s).
19
List the prime factors of 13/(234/5340)*3/2.
5, 89
Let q = 9 + -6. Suppose -6*k = -9 - q. Suppose 0 = 5*x + 5*j - 7 - 13, -5*x = k*j - 17. What are the prime factors of x?
3
Let p = 52 - 23. Suppose -z + c + p + 59 = 0, -256 = -3*z + c. List the prime factors of z.
2, 3, 7
Let i(h) = h**2 + h - 4. Let n be i(-3). Suppose -3*r = g - 5*r - 84, -n*g - 2*r = -144. What are the prime factors of g?
2, 19
Let l(t) = -2*t - 16. Let i be l(-9). What are the prime factors of (-1167)/(-9) + i/6?
2, 5, 13
Suppose 6132 = 9*q + 12*q. What are the prime factors of q?
2, 73
Let z = 2511 - 985. List the prime factors of z.
2, 7, 109
Suppose -2*r + 3 = 9. List the prime factors of (r/(-3))/((-2)/(-146)).
73
Let i(h) = 12*h**3 + 5*h**2 - 2*h + 6. Let v(o) = -25*o**3 - 11*o**2 + 4*o - 13. Let a(t) = -13*i(t) - 6*v(t). List the prime factors of a(-2).
2, 3
Let g be 0/(3/(-3 - 0)). Suppose g*x + 4*x = -16, 0 = u - 3*x - 36. What are the prime factors of u?
2, 3
Let a(t) = t**3 + 7*t**2 + 5*t - 1. Let w be a(-5). Suppose 3*y = -2*s - 2*y - w, -4*s + y = 48. List the prime factors of (s - -6)*(-56)/6.
2, 7
What are the prime factors of 12/14*12/(24/5698)?
2, 3, 11, 37
Let o(r) = -22*r**3 - 2*r**2 + 5*r - 4. Let g be o(3). List the prime factors of 2*g/(-15) - 2/15.
2, 5
Let t(h) = -h**2 + 10*h - 11. Let o be t(9). Lis